{"id":339,"date":"2020-10-20T13:25:28","date_gmt":"2020-10-20T13:25:28","guid":{"rendered":"http:\/\/c1990348.ferozo.com\/?page_id=339"},"modified":"2021-07-29T14:16:42","modified_gmt":"2021-07-29T14:16:42","slug":"reglamento","status":"publish","type":"page","link":"https:\/\/www.casf.org.ar\/colegio\/reglamento\/","title":{"rendered":"Reglamento"},"content":{"rendered":"\t<section class=\"section\" id=\"section_2137456164\">\n\t\t<div class=\"bg section-bg fill bg-fill  bg-loaded\" >\n\n\t\t\t\n\t\t\t\n\t\t\t\n\n\t\t<\/div>\n\n\t\t<div class=\"section-content relative\">\n\t\t\t\n<div class=\"container section-title-container\" ><h3 class=\"section-title section-title-center\"><b><\/b><span class=\"section-title-main\" >REGLAMENTO<\/span><b><\/b><\/h3><\/div>\n<div class=\"row align-center\"  id=\"row-728700496\">\n\n\t<div id=\"col-2125240978\" class=\"col medium-11 small-12 large-11\"  >\n\t\t\t\t<div class=\"col-inner\"  >\n\t\t\t\n\t\t\t\n<p class=\"western\" lang=\"es-ES\" align=\"center\"><b>Colegio de Abogados de Santa Fe<\/b><br \/><u><b>Reglamento de Institutos y Comisiones<\/b><\/u><br \/>(Aprobado por acta de d\u00eda 18\/02\/20)<\/p>\n<p class=\"western\" lang=\"es-ES\" align=\"justify\"><b>DE LOS INSTITUTOS<\/b><\/p>\n<p class=\"western\" lang=\"es-ES\" align=\"justify\"><u>ART\u00cdCULO 1:<\/u>\u00a0El Directorio del Colegio de Abogados, podr\u00e1 crear y organizar los Institutos que estime convenientes para la prosecuci\u00f3n de los fines estatutarios. Los mismos se regir\u00e1n, \u00fanica y exclusivamente, por las disposiciones del presente reglamento y por el Protocolo de Funcionamiento de Institutos y Comisiones.-<\/p>\n<p class=\"western\" lang=\"es-ES\" align=\"justify\"><u>ART\u00cdCULO 2:<\/u>\u00a0Compete a los Institutos:<\/p>\n<p class=\"western\" lang=\"es-ES\">a) El estudio y la investigaci\u00f3n del Derecho y de las Ciencias Jur\u00eddicas en el \u00e1mbito de su incumbencia.<\/p>\n<p class=\"western\" lang=\"es-ES\">b) Colaborar con las autoridades del Colegio en la elaboraci\u00f3n de legislaci\u00f3n en general.<\/p>\n<p class=\"western\" lang=\"es-ES\">c) Cooperar en los estudios de planes acad\u00e9micos y\/o universitarios de la abogac\u00eda, el doctorado y de cursos jur\u00eddicos especiales.<\/p>\n<p class=\"western\" lang=\"es-ES\">d) Organizar y participar en seminarios, trabajos, jornadas, congresos, reuniones, cursos y conferencias de su especialidad y\/o disciplinas complementarias.<\/p>\n<p class=\"western\" lang=\"es-ES\">e) Brindar informaci\u00f3n sobre el estado de la legislaci\u00f3n, jurisprudencia y doctrina en el \u00e1rea de su incumbencia.<\/p>\n<p class=\"western\" lang=\"es-ES\">f) Desarrollar las dem\u00e1s actividades cient\u00edficas y t\u00e9cnicas que las autoridades de cada Instituto determinen.<\/p>\n<p class=\"western\" lang=\"es-ES\">g) Aconsejar las publicaciones que estime convenientes.<\/p>\n<p class=\"western\" lang=\"es-ES\">h) Establecer y mantener vinculaci\u00f3n con Institutos o unidades acad\u00e9micas pertenecientes a Universidades y\/u otros Colegios dedicadas a estudios similares, desarrollando cuando ello fuera conveniente y previa autorizaci\u00f3n del Directorio actividades conjuntas.<\/p>\n<p class=\"western\" lang=\"es-ES\">i) Realizar los dict\u00e1menes que le fueran solicitados por los distintos \u00f3rganos del Colegio.<\/p>\n<p class=\"western\" lang=\"es-ES\">j) Contribuir a la formaci\u00f3n de la bibliograf\u00eda de la materia, aconsejando al responsable de Biblioteca la adquisici\u00f3n de la misma, la que estar\u00e1 a disposici\u00f3n de todos los colegiados.<\/p>\n<p class=\"western\" lang=\"es-ES\">k) Crear el archivo del Instituto recopilando y ordenando las informaciones, dict\u00e1menes, documentos, legislaci\u00f3n, doctrina y jurisprudencia relacionada con su especialidad, remitiendo tales antecedentes a la Biblioteca del Colegio.<\/p>\n<p class=\"western\" lang=\"es-ES\">l) Proponer acerca del otorgamiento de diplomas, premios, becas y menciones especiales.<\/p>\n<p class=\"western\" lang=\"es-ES\">m) Colaborar en todo lo que sea requerido por las autoridades del Colegio y en especial en lo que respecta al mejoramiento de la legislaci\u00f3n.<\/p>\n<p class=\"western\" lang=\"es-ES\">n) Colaborar con la Comisi\u00f3n de Inform\u00e1tica en la creaci\u00f3n de una base de datos para el Colegio.<\/p>\n<p class=\"western\" lang=\"es-ES\">\u00f1) Elaborar un programa anual de actividades, el que ser\u00e1 presentado al Directorio a trav\u00e9s de la Coordinaci\u00f3n de Institutos, para su conocimiento y aprobaci\u00f3n.-<\/p>\n<p class=\"western\" lang=\"es-ES\" align=\"justify\"><u>ART\u00cdCULO 3:<\/u>\u00a0El Directorio podr\u00e1 establecer, tantos Institutos como especialidades o temas del Derecho y Ciencias Jur\u00eddicas sean necesarios o conveniente estimular, adem\u00e1s de las que se enuncian a continuaci\u00f3n:<\/p>\n<p class=\"western\" lang=\"es-ES\" align=\"justify\">1. DERECHO CIVIL; 2. SEGURIDAD SOCIAL; 3. DERECHO COMERCIAL; 4. DERECHO ADMINISTRATIVO; 5. DERECHO PENAL Y PROCESAL PENAL; 6. DERECHOS HUMANOS; 7. MEDIOS ALTERNATIVOS DE RESOLUCION DE CONFLICTOS; 8. DERECHO DEL TRABAJO; 9. DERECHO DEL MENOR Y DE LA FAMILIA; 10. DERECHO AGRARIO; 11. DERECHO COMUNITARIO; 12. DERECHO TRIBUTARIO; 13. DERECHO PROCESAL CIVIL Y COMERCIAL; 14. DERECHO CONSTITUCIONAL; 15. DE LOS DERECHOS DE LAS PERSONAS CON DISCAPACIDAD; 16. DERECHO DEL SEGURO; 17. DERECHO ANIMAL; 18. DERECHO AMBIENTAL; 19. DERECHOS DE LA MUJER; 20. DERECHOS DE MERCADOS FINANCIEROS Y DE CAPITALES; 21. DERECHO DE LA INTEGRACION Y MERCOSUR.-<\/p>\n<p class=\"western\" lang=\"es-ES\" align=\"justify\"><u>ART\u00cdCULO 4:<\/u>\u00a0Los Institutos elegir\u00e1n entre sus miembros activos, las autoridades que ocupar\u00e1n los cargos de Presidencia y Secretar\u00eda, designaciones \u00e9stas que ser\u00e1n elevadas al Directorio para su aprobaci\u00f3n. En caso de no mediar acuerdo, o de no haberse elegido autoridades, el Directorio podr\u00e1 designarlas, con el voto afirmativo de la mayor\u00eda absoluta de los Directores Titulares presentes. En caso de vacancia o ausencia, el Directorio podr\u00e1 realizar una designaci\u00f3n interina por sesenta d\u00edas no renovables. Ser\u00e1 tambi\u00e9n facultad del Directorio, proceder a la remoci\u00f3n de las autoridades, mediante resoluci\u00f3n debidamente fundada y con la anuencia de la mayor\u00eda absoluta de los Directores Titulares presentes.-<\/p>\n<p class=\"western\" lang=\"es-ES\" align=\"justify\"><u>ART\u00cdCULO 5:<\/u>\u00a0Los Institutos podr\u00e1n proponer al Directorio la creaci\u00f3n de Comisiones dedicadas al estudio e investigaci\u00f3n de distintas ramas del Derecho, dentro del \u00e1mbito de su incumbencia. Las mismas estar\u00e1n a cargo de un Coordinador Titular, un Suplente y un Secretario, los que ser\u00e1n elegidos por la misma Comisi\u00f3n y propuestos al Directorio para su aprobaci\u00f3n. El Coordinador integrar\u00e1 con derecho a voto la Comisi\u00f3n Directiva del Instituto al que pertenezca.-<\/p>\n<p class=\"western\" lang=\"es-ES\" align=\"justify\"><u>ARTICULO 6:<\/u>\u00a0Los institutos podr\u00e1n proponer al Directorio la designaci\u00f3n de un Presidente honorario en atenci\u00f3n a sus cualidades \u00e9ticas, profesionales, intelectuales y acad\u00e9micas.-<\/p>\n<p class=\"western\" lang=\"es-ES\" align=\"justify\"><b>DE LAS COMISIONES<\/b><\/p>\n<p class=\"western\" lang=\"es-ES\" align=\"justify\"><u>ART\u00cdCULO 7:<\/u>\u00a0Ser\u00e1n comisiones del Colegio aquellas que se requieran por el Directorio para cumplir con las finalidades espec\u00edficas fijadas en la Ley y el Estatuto para el cumplimiento de sus funciones. Tendr\u00e1n car\u00e1cter operativo y de asesoramiento y ser\u00e1n integradas por miembros de los distintos \u00f3rganos del Colegio y por todo abogado activo o pasivo que lo solicitara y se comprometiera con una participaci\u00f3n activa.<\/p>\n<p class=\"western\" lang=\"es-ES\" align=\"justify\"><u>ART\u00cdCULO 8:<\/u>\u00a0Se establecen las siguientes Comisiones, adem\u00e1s de las que pudiera crear el Directorio si lo considera necesario:<\/p>\n<p class=\"western\" lang=\"es-ES\" align=\"justify\">1.- INCUMBENCIAS; 2. GREMIAL Y SERVICIO DE JUSTICIA; 3. DEPORTES; 4. INFORMATICA; 5. CULTURA, BIBLIOTECA Y FESTEJOS INSTITUCIONALES; 6. JOVENES ABOGADOS; 7. DERECHO MEDICO Y BIOETICA; 8. FORO DE PRACTICA PROFESIONAL; 9. ABOGACIA COLABORATIVA; 10. ABOGADOS DEL ESTADO.-<\/p>\n<p class=\"western\" lang=\"es-ES\" align=\"justify\"><u>ART\u00cdCULO 9:<\/u>\u00a0Cada Comisi\u00f3n elegir\u00e1 entre sus miembros, las autoridades que ocupar\u00e1n los cargos de Presidencia y Secretar\u00eda, los que ser\u00e1n elevados al Directorio para su aprobaci\u00f3n. Para los casos de falta de acuerdo, ausencias, vacancias y remoci\u00f3n, se aplicar\u00e1 lo establecido por el art\u00edculo 5.-<\/p>\n<p class=\"western\" lang=\"es-ES\" align=\"justify\"><u>ART\u00cdCULO 10:<\/u>\u00a0Las Comisiones est\u00e1n facultadas para realizar, todas las actividades referidas a su campo espec\u00edfico, debiendo contar para aquellas que tengan car\u00e1cter p\u00fablico con la previa autorizaci\u00f3n del Directorio seg\u00fan o establecido en el art\u00edculo 16\u00ba y 19\u00ba del presente. Deber\u00e1n despachar prioritariamente los asuntos que especialmente le encomiende el Directorio. Si la cuesti\u00f3n revistiera urgencia, \u00e9ste deber\u00e1 indicar el plazo para la realizaci\u00f3n de dichas actividades, pudiendo la Comisi\u00f3n solicitar en forma fundada su ampliaci\u00f3n. En caso de que la Comisi\u00f3n no se expidiera en el orden y plazo establecido, podr\u00e1 prescindirse de su dictamen y\/o asesoramiento y\/o actividad.-<\/p>\n<p class=\"western\" lang=\"es-ES\" align=\"justify\"><b>DISPOSICIONES COMUNES<\/b><\/p>\n<p class=\"western\" lang=\"es-ES\" align=\"justify\"><u>ART\u00cdCULO 11:<\/u>\u00a0Los Institutos y Comisiones ser\u00e1n coordinados por uno de los miembros titulares del Directorio, asistido a su requerimiento por una comisi\u00f3n de coordinaci\u00f3n formada a propuesta del coordinador y presidida por \u00e9ste, la que ser\u00e1 puesta a consideraci\u00f3n del Directorio y aprobada por \u00e9ste.-<\/p>\n<p class=\"western\" lang=\"es-ES\" align=\"justify\"><u>ART\u00cdCULO 12:<\/u>\u00a0Los mandatos de las autoridades de los Institutos y las Comisiones, se extender\u00e1n por un a\u00f1o, al cabo el cual podr\u00e1n ser reelegidos hasta por dos per\u00edodos m\u00e1s en sus cargos.-<\/p>\n<p class=\"western\" lang=\"es-ES\" align=\"justify\"><u>ART\u00cdCULO 13:<\/u>\u00a0Podr\u00e1n ser integrantes de los Institutos y Comisiones, los Colegiados y Colegiadas con matr\u00edcula vigente, quienes tendr\u00e1n el car\u00e1cter de miembros activos y derecho a voto. Tambi\u00e9n podr\u00e1n serlo los Abogados y Abogadas en pasividad, que tendr\u00e1n derecho a voz pero no a voto. Respecto a la Comisi\u00f3n de J\u00f3venes Abogados, se requerir\u00e1 para ser integrantes de la misma, que tengan hasta siete a\u00f1os en el ejercicio de la Profesi\u00f3n y no superen los treinta y cinco a\u00f1os de edad.-<\/p>\n<p class=\"western\" lang=\"es-ES\" align=\"justify\">Miembros Participantes: Lo podr\u00e1n ser los abogados y Abogadas no matriculados, los profesionales de otras disciplinas afines a la materia espec\u00edfica de la que se trate, los Estudiantes de Derecho y, aquellas personas vinculadas a una labor relacionada con el \u00e1rea de cada Instituto o Comisi\u00f3n, quienes para poder participar deber\u00e1n contar con el aval de la respectiva Presidencia y Secretar\u00eda, de la que se trate. Podr\u00e1n asistir y prestar colaboraci\u00f3n a los Miembros Activos y, solo tendr\u00e1n derecho a voz, cuando el Presidente del Instituto y\/o Comisi\u00f3n lo autorice. No tendr\u00e1n derecho a voto.-<\/p>\n<p class=\"western\" lang=\"es-ES\" align=\"justify\">Los miembros activos deber\u00e1n mantenerse al d\u00eda en el pago de la cuota mensual, caso contrario y existiendo atraso en el pago de m\u00e1s de tres cuotas, podr\u00e1n ser separados del Instituto o Comisi\u00f3n que integren, previa Resoluci\u00f3n de Directorio.-<\/p>\n<p class=\"western\" lang=\"es-ES\" align=\"justify\">En ning\u00fan caso podr\u00e1n los Institutos y Comisiones ser integrados por matriculados\/as que, se hallen sancionados con suspensi\u00f3n o cancelaci\u00f3n de la matr\u00edcula por parte del Tribunal de Conducta.-<\/p>\n<p class=\"western\" lang=\"es-ES\" align=\"justify\"><u>ART\u00cdCULO 14:<\/u>\u00a0Los Institutos y Comisiones no podr\u00e1n efectuar declaraciones p\u00fablicas que comprometan institucionalmente al Directorio o al Colegio en su conjunto. Sus publicaciones s\u00f3lo podr\u00e1n efectuarse a trav\u00e9s de las autoridades del Colegio encargadas de las mismas.-<\/p>\n<p class=\"western\" lang=\"es-ES\" align=\"justify\"><u>ART\u00cdCULO 15:<\/u>\u00a0Los Institutos y Comisiones fijar\u00e1n la periodicidad de sus reuniones, debiendo realizar como m\u00ednimo una mensual, lo que deber\u00e1 darse a conocer a la Coordinaci\u00f3n para su difusi\u00f3n.-<\/p>\n<p class=\"western\" lang=\"es-ES\" align=\"justify\"><u>ART\u00cdCULO 16:<\/u>\u00a0Los Institutos y Comisiones deber\u00e1n llevar por Secretar\u00eda un libro de Actas, donde constar\u00e1n quienes asistieron a las reuniones y lo resuelto en la misma.-<\/p>\n<p class=\"western\" lang=\"es-ES\" align=\"justify\"><u>ART\u00cdCULO 17:<\/u>\u00a0Los Institutos y Comisiones est\u00e1n facultados para realizar todas las actividades referidas a su campo espec\u00edfico, debiendo contar aquellas que tengan car\u00e1cter p\u00fablico con previa autorizaci\u00f3n del Directorio, quien proveer\u00e1 los fondos que se consideren necesarios.-<\/p>\n<p class=\"western\" lang=\"es-ES\" align=\"justify\"><u>ART\u00cdCULO 18:<\/u>\u00a0La Coordinaci\u00f3n de Institutos y Comisiones deber\u00e1 facilitar el desarrollo de las actividades propuestas por los mismos, coordinando los medios humanos, t\u00e9cnicos y econ\u00f3micos disponibles en el Colegio para su m\u00e1ximo aprovechamiento, debiendo tomar las medidas que considere oportunas, con acuerdo del Directorio, a los fines del cumplimiento de este objetivo.-<\/p>\n<p class=\"western\" lang=\"es-ES\" align=\"justify\"><u>ART\u00cdCULO 19:<\/u>\u00a0Las situaciones que no se encuentren previstas en el presente Reglamento ni en el Protocolo de Funcionamiento de Institutos y Comisiones, ser\u00e1n decididas en cada caso por el Directorio.-<\/p>\n<p class=\"western\" lang=\"es-ES\" align=\"justify\"><u>ART\u00cdCULO 20:<\/u>\u00a0PRINCIPIOS INTERPRETATIVOS: En caso de dudas acerca de la interpretaci\u00f3n del presente, lo ser\u00e1 en concordancia con lo dispuesto en el Estatuto del Colegio de Abogados,\u00a0amparado en el\u00a0derecho vigente y normas constitucionales. A efectos de su aplicaci\u00f3n se tendr\u00e1n en cuenta los principios de enfoque del\u00a0derecho\u00a0general, equidad, buena fe, integralidad, universalidad, g\u00e9nero y participaci\u00f3n protag\u00f3nica. El uso del lenguaje es inclusivo sin distinci\u00f3n de g\u00e9nero, identidad sexual, credo u otros.-<\/p>\n\t\t<\/div>\n\t\t\t\t\t<\/div>\n\n\t\n<\/div>\n\t\t<\/div>\n\n\t\t\n<style>\n#section_2137456164 {\n  padding-top: 30px;\n  padding-bottom: 30px;\n}\n<\/style>\n\t<\/section>\n\t\n","protected":false},"excerpt":{"rendered":"","protected":false},"author":2,"featured_media":0,"parent":0,"menu_order":0,"comment_status":"closed","ping_status":"closed","template":"","meta":[],"_links":{"self":[{"href":"https:\/\/www.casf.org.ar\/colegio\/wp-json\/wp\/v2\/pages\/339"}],"collection":[{"href":"https:\/\/www.casf.org.ar\/colegio\/wp-json\/wp\/v2\/pages"}],"about":[{"href":"https:\/\/www.casf.org.ar\/colegio\/wp-json\/wp\/v2\/types\/page"}],"author":[{"embeddable":true,"href":"https:\/\/www.casf.org.ar\/colegio\/wp-json\/wp\/v2\/users\/2"}],"replies":[{"embeddable":true,"href":"https:\/\/www.casf.org.ar\/colegio\/wp-json\/wp\/v2\/comments?post=339"}],"version-history":[{"count":4,"href":"https:\/\/www.casf.org.ar\/colegio\/wp-json\/wp\/v2\/pages\/339\/revisions"}],"predecessor-version":[{"id":1640,"href":"https:\/\/www.casf.org.ar\/colegio\/wp-json\/wp\/v2\/pages\/339\/revisions\/1640"}],"wp:attachment":[{"href":"https:\/\/www.casf.org.ar\/colegio\/wp-json\/wp\/v2\/media?parent=339"}],"curies":[{"name":"wp","href":"https:\/\/api.w.org\/{rel}","templated":true}]}}