{"id":22787,"date":"2024-09-11T12:12:40","date_gmt":"2024-09-11T15:12:40","guid":{"rendered":"https:\/\/www.casf.org.ar\/colegio\/?page_id=22787"},"modified":"2024-09-11T12:16:19","modified_gmt":"2024-09-11T15:16:19","slug":"comision-gremial","status":"publish","type":"page","link":"https:\/\/www.casf.org.ar\/colegio\/comision-gremial\/","title":{"rendered":"Comisi\u00f3n Gremial"},"content":{"rendered":"\t<section class=\"section\" id=\"section_1207293400\">\n\t\t<div class=\"bg section-bg fill bg-fill  bg-loaded\" >\n\n\t\t\t\n\t\t\t\n\t\t\t\n\n\t\t<\/div>\n\n\t\t<div class=\"section-content relative\">\n\t\t\t\n<div class=\"container section-title-container\" ><h3 class=\"section-title section-title-center\"><b><\/b><span class=\"section-title-main\" >COMISI\u00d3N GREMIAL<\/span><b><\/b><\/h3><\/div>\n<div>Nuestra comisi\u00f3n est\u00e1 para <em>receptar reclamos que conciernen estrictamente a la pr\u00e1ctica profesional<\/em>. No nos incumbe desarrollar temas especiales lo cual es responsabilidad de los institutos y comisiones respectivas.<\/div>\n<div>En la uni\u00f3n est\u00e1 la fuerza; en la discordia, la debilidad. Unidos podemos mejorar el diario ejercicio de nuestra querida profesi\u00f3n. Por eso, en tiempos donde parece que nadie nos escucha, que la abogac\u00eda se nos muestra como una profesi\u00f3n solitaria y aislada, <em>en la Comisi\u00f3n Gremial queremos escucharte<\/em>.<\/div>\n<div>Nuestras reuniones son los d\u00edas <strong>mi\u00e9rcoles cada 15 d\u00edas a las 18:30 hs. en el anexo del Colegio de Profesionales de la Abogac\u00eda de Santa Fe<\/strong>.<\/div>\n<div><\/div>\n<div><strong>Ig de la Comision<\/strong>: <a href=\"http:\/\/www.instagram.com\/gremialsfe2024\/\">www.instagram.com\/gremialsfe2024\/<\/a><\/div>\n<div><\/div>\n<div><strong>Formularios de reclamos<\/strong>:<\/div>\n<div><\/div>\n<div><a href=\"https:\/\/forms.gle\/V1CdZ9s1X675Xxko7\">https:\/\/forms.gle\/V1CdZ9s1X675Xxko7<\/a><br \/>\n<a href=\"https:\/\/forms.gle\/jjuSHVhy8c4RRbzz9\">https:\/\/forms.gle\/jjuSHVhy8c4RRbzz9<\/a><br \/>\n<a href=\"https:\/\/forms.gle\/EseKGDq3w1hMeT7f8\">https:\/\/forms.gle\/EseKGDq3w1hMeT7f8<\/a><\/div>\n<p>&nbsp;<\/p>\n<div class=\"accordion\" rel=\"\">\n<div class=\"accordion-item\"><a href=\"#\" class=\"accordion-title plain\"><button class=\"toggle\"><i class=\"icon-angle-down\"><\/i><\/button><span>Actividades de la Comisi\u00f3n | Material de apoyo a charlas \/ jornadas<\/span><\/a><div class=\"accordion-inner\">\n\n\t\t<div class=\"tabbed-content\">\n\t\t\t\n\t\t\t<ul class=\"nav nav-tabs nav-uppercase nav-size-large nav-left\"><li class=\"tab active has-icon\"><a href=\"#tab_charlas\"><span>Charlas<\/span><\/a><\/li>\n<li class=\"tab has-icon\"><a href=\"#tab_material\"><span>Material<\/span><\/a><\/li><\/ul><div class=\"tab-panels\"><div class=\"panel active entry-content\" id=\"tab_charlas\">\n<\/div>\n<div class=\"panel entry-content\" id=\"tab_material\">\n<\/div><\/div><\/div>\n<\/div><\/div>\n<\/div>\n\t\t<\/div>\n\n\t\t\n<style>\n#section_1207293400 {\n  padding-top: 30px;\n  padding-bottom: 30px;\n}\n<\/style>\n\t<\/section>\n\t\n","protected":false},"excerpt":{"rendered":"","protected":false},"author":11,"featured_media":0,"parent":0,"menu_order":0,"comment_status":"closed","ping_status":"closed","template":"","meta":[],"_links":{"self":[{"href":"https:\/\/www.casf.org.ar\/colegio\/wp-json\/wp\/v2\/pages\/22787"}],"collection":[{"href":"https:\/\/www.casf.org.ar\/colegio\/wp-json\/wp\/v2\/pages"}],"about":[{"href":"https:\/\/www.casf.org.ar\/colegio\/wp-json\/wp\/v2\/types\/page"}],"author":[{"embeddable":true,"href":"https:\/\/www.casf.org.ar\/colegio\/wp-json\/wp\/v2\/users\/11"}],"replies":[{"embeddable":true,"href":"https:\/\/www.casf.org.ar\/colegio\/wp-json\/wp\/v2\/comments?post=22787"}],"version-history":[{"count":9,"href":"https:\/\/www.casf.org.ar\/colegio\/wp-json\/wp\/v2\/pages\/22787\/revisions"}],"predecessor-version":[{"id":22798,"href":"https:\/\/www.casf.org.ar\/colegio\/wp-json\/wp\/v2\/pages\/22787\/revisions\/22798"}],"wp:attachment":[{"href":"https:\/\/www.casf.org.ar\/colegio\/wp-json\/wp\/v2\/media?parent=22787"}],"curies":[{"name":"wp","href":"https:\/\/api.w.org\/{rel}","templated":true}]}}

Comisión Gremial

<section class="section" id="section_1207293400">
		<div class="bg section-bg fill bg-fill  bg-loaded" >

			
			
			

		</div>

		<div class="section-content relative">
			
<div class="container section-title-container" ><h3 class="section-title section-title-center"><b></b><span class="section-title-main" >COMISIÓN GREMIAL</span><b></b></h3></div>
<div>Nuestra comisión está para <em>receptar reclamos que conciernen estrictamente a la práctica profesional</em>. No nos incumbe desarrollar temas especiales lo cual es responsabilidad de los institutos y comisiones respectivas.</div>
<div>En la unión está la fuerza; en la discordia, la debilidad. Unidos podemos mejorar el diario ejercicio de nuestra querida profesión. Por eso, en tiempos donde parece que nadie nos escucha, que la abogacía se nos muestra como una profesión solitaria y aislada, <em>en la Comisión Gremial queremos escucharte</em>.</div>
<div>Nuestras reuniones son los días <strong>miércoles cada 15 días a las 18:30 hs. en el anexo del Colegio de Profesionales de la Abogacía de Santa Fe</strong>.</div>
<div></div>
<div><strong>Ig de la Comision</strong>: <a href="http://www.instagram.com/gremialsfe2024/">www.instagram.com/gremialsfe2024/</a></div>
<div></div>
<div><strong>Formularios de reclamos</strong>:</div>
<div></div>
<div><a href="https://forms.gle/V1CdZ9s1X675Xxko7">https://forms.gle/V1CdZ9s1X675Xxko7</a><br />
<a href="https://forms.gle/jjuSHVhy8c4RRbzz9">https://forms.gle/jjuSHVhy8c4RRbzz9</a><br />
<a href="https://forms.gle/EseKGDq3w1hMeT7f8">https://forms.gle/EseKGDq3w1hMeT7f8</a></div>
<p>&nbsp;</p>
<div class="accordion" rel="">
<div class="accordion-item"><a href="#" class="accordion-title plain"><button class="toggle"><i class="icon-angle-down"></i></button><span>Actividades de la Comisión | Material de apoyo a charlas / jornadas</span></a><div class="accordion-inner">

		<div class="tabbed-content">
			
			<ul class="nav nav-tabs nav-uppercase nav-size-large nav-left"><li class="tab active has-icon"><a href="#tab_charlas"><span>Charlas</span></a></li>
<li class="tab has-icon"><a href="#tab_material"><span>Material</span></a></li></ul><div class="tab-panels"><div class="panel active entry-content" id="tab_charlas">
</div>
<div class="panel entry-content" id="tab_material">
</div></div></div>
</div></div>
</div>
		</div>

		
<style>
#section_1207293400 {
  padding-top: 30px;
  padding-bottom: 30px;
}
</style>
	</section>
