{"id":1198,"date":"2020-12-30T13:21:25","date_gmt":"2020-12-30T13:21:25","guid":{"rendered":"http:\/\/c1990348.ferozo.com\/?page_id=1198"},"modified":"2025-05-28T18:33:02","modified_gmt":"2025-05-28T21:33:02","slug":"foro-de-practica-profesional","status":"publish","type":"page","link":"https:\/\/www.casf.org.ar\/colegio\/foro-de-practica-profesional\/","title":{"rendered":"Foro de Pr\u00e1ctica Profesional"},"content":{"rendered":"\t<section class=\"section\" id=\"section_1892622672\">\n\t\t<div class=\"bg section-bg fill bg-fill  bg-loaded\" >\n\n\t\t\t\n\t\t\t\n\t\t\t\n\n\t\t<\/div>\n\n\t\t<div class=\"section-content relative\">\n\t\t\t\n<div class=\"container section-title-container\" ><h3 class=\"section-title section-title-center\"><b><\/b><span class=\"section-title-main\" >FORO DE PR\u00c1CTICA PROFESIONAL<\/span><b><\/b><\/h3><\/div>\n\n\t\t<div class=\"tabbed-content\">\n\t\t\t\n\t\t\t<ul class=\"nav nav-tabs nav-uppercase nav-size-large nav-left\"><li class=\"tab active has-icon\"><a href=\"#tab_a\u00f1o-2025\"><span>A\u00f1o 2025<\/span><\/a><\/li>\n<li class=\"tab has-icon\"><a href=\"#tab_a\u00f1o-2018\"><span>A\u00f1o 2018<\/span><\/a><\/li>\n<li class=\"tab has-icon\"><a href=\"#tab_a\u00f1o-2017\"><span>A\u00f1o 2017<\/span><\/a><\/li><\/ul><div class=\"tab-panels\"><div class=\"panel active entry-content\" id=\"tab_a\u00f1o-2025\">\n<div class=\"accordion\" rel=\"\">\n<div class=\"accordion-item\"><a href=\"#\" class=\"accordion-title plain\"><button class=\"toggle\"><i class=\"icon-angle-down\"><\/i><\/button><span>Curso de Formaci\u00f3n de Litigantes y Jornadas Preparatorias<\/span><\/a><div class=\"accordion-inner\">\n<p><a href=\"https:\/\/www.casf.org.ar\/colegio\/wp-content\/uploads\/2025\/01\/formacion-litigantes-1-2025-02-18_web.jpg\"><img decoding=\"async\" loading=\"lazy\" class=\"alignnone wp-image-23651\" src=\"https:\/\/www.casf.org.ar\/colegio\/wp-content\/uploads\/2025\/01\/formacion-litigantes-1-2025-02-18_web-320x400.jpg\" alt=\"\" width=\"162\" height=\"203\" srcset=\"https:\/\/www.casf.org.ar\/colegio\/wp-content\/uploads\/2025\/01\/formacion-litigantes-1-2025-02-18_web-320x400.jpg 320w, https:\/\/www.casf.org.ar\/colegio\/wp-content\/uploads\/2025\/01\/formacion-litigantes-1-2025-02-18_web.jpg 500w\" sizes=\"(max-width: 162px) 100vw, 162px\" \/><\/a><\/p>\n<p>Fecha: 12, 19 y 26 de febrero 2025 (Jornadas Preparatorias) &#8211; 5 de marzo 2025 inicia (16 Jornadas, 1 semanal)<br \/>\nLugar:\u00a0 mi\u00e9rcoles de 18:30 a 20:30 hs. Sala Alberdi<\/p>\n<p><a href=\"https:\/\/drive.google.com\/drive\/folders\/1LUBfeTm_842X6iyo0dnVSuIqKxdqnneL?usp=sharing\" target=\"_blank\" rel=\"noopener\">Ver \/ Descargar material de las charlas (hacer click)<\/a><\/p>\n<\/div><\/div>\n<\/div>\n<\/div>\n<div class=\"panel entry-content\" id=\"tab_a\u00f1o-2018\">\n<p>Charla:\u00a0<strong>II Curso Intensivo sobre Litigio<br \/>\n<\/strong>Fecha:\u00a0<strong>07\/03\/2018\u00a0<\/strong>al<strong>\u00a005\/07\/2018<\/strong><\/p>\n<div class=\"accordion\" rel=\"\">\n<div class=\"accordion-item\"><a href=\"#\" class=\"accordion-title plain\"><button class=\"toggle\"><i class=\"icon-angle-down\"><\/i><\/button><span>II Curso Intensivo sobre Litigio<\/span><\/a><div class=\"accordion-inner\">\n<p>Temas \/ Expositores:<br \/>\n<u>Procesal Civil y Comercial<\/u><\/p>\n<ul>\n<li>07\/03: Contestaci\u00f3n de la Demanda: Fernando GLINKA<\/li>\n<li>15\/03: Informe sobre Reforma al C\u00f3digo Procesal Civil y Comercial: Angel Ferm\u00edn GARROTE<\/li>\n<\/ul>\n<p><u>Procesal Laboral<\/u><\/p>\n<ul>\n<li>22\/03: Procedimiento Abreviado: Andr\u00e9s ABRAMOVICH<\/li>\n<li>05\/04: Simulaci\u00f3n de un Proceso Laboral: Marcelo GIULIANI \u2013 Francisco IPPOLITO<\/li>\n<li>26\/04: Accidentes de trabajo y enfermedades profesionales: Mariela FREGONA<\/li>\n<\/ul>\n<p><u>Proceso de Familia<\/u><\/p>\n<ul>\n<li>12\/04: Proceso de Divorcio: Blanca DIAKAKI<\/li>\n<li>03\/05: Recursos en el Proceso de Familia: Nahuel BAY<\/li>\n<\/ul>\n<p><u>Proceso Tributario<\/u><\/p>\n<ul>\n<li>19\/04: Reforma Tributaria en la determinaci\u00f3n de Deuda Fiscal y en el Proceso Penal Tributario: Mart\u00edn AVALOS<\/li>\n<\/ul>\n<p><u>Responsabilidad Civil<\/u><\/p>\n<ul>\n<li>10\/05: Proceso de Da\u00f1os: Cristian WERLEN<\/li>\n<\/ul>\n<p><u>Constitucional<\/u><\/p>\n<ul>\n<li>17\/05: Recurso de Inconstitucionalidad Provincial Ley\u00a0 7055 y Recurso Extraordinario Federal Ley 48. Acci\u00f3n de Amparo, aspectos procesales constitucionales: Domingo RONDINA<\/li>\n<\/ul>\n<p><u>Proceso Sucesorio<\/u><\/p>\n<ul>\n<li>31\/05: Juicio Sucesorio:\u00a0 Esteban DALLA FONTANA<\/li>\n<\/ul>\n<p><u>Procesal Comercial<\/u><\/p>\n<ul>\n<li>07\/06: Cuestiones Procesales en el marco de conflictos societarios: Alejandro Y\u00d3DICE<\/li>\n<\/ul>\n<p><u>Mercados Financieros<\/u><\/p>\n<ul>\n<li>14\/06: Deudores Financieros: Gesti\u00f3n de Cobranza: Gustavo LOYARTE \u2013 Emanuel CHIABO<\/li>\n<\/ul>\n<p><u>Discapacidad<\/u><\/p>\n<ul>\n<li>21\/06: Los procesos de integraci\u00f3n por Ley de Salud Mental y el C\u00f3digo Civil y Comercial. Procedimiento: Mariela PE\u00d1A \u2013 Adriana PEREZ<\/li>\n<\/ul>\n<p><u>Previsional<\/u><\/p>\n<ul>\n<li>05\/07: R\u00e9gimen Nacional \u2013 Ley 24241 y modificatorias \u2013 Prestaciones: requisitos, moratorias vigentes y SICAM \u2013 Resoluci\u00f3n de casos pr\u00e1cticos. Reparaci\u00f3n Hist\u00f3rica Ley 26970: Neli KOVACH \u2013 Gabriela FAR\u00cdAS<\/li>\n<\/ul>\n<\/div><\/div>\n<\/div>\n<\/div>\n<div class=\"panel entry-content\" id=\"tab_a\u00f1o-2017\">\n<p>Charla:\u00a0<strong>I Curso Intensivo sobre Litigio<br \/>\n<\/strong>Fecha:\u00a0<strong>02\/03\/2017\u00a0<\/strong>al<strong>\u00a029\/06\/2017<\/strong><\/p>\n<div class=\"accordion\" rel=\"\">\n<div class=\"accordion-item\"><a href=\"#\" class=\"accordion-title plain\"><button class=\"toggle\"><i class=\"icon-angle-down\"><\/i><\/button><span>Curso Intensivo sobre Litigio<\/span><\/a><div class=\"accordion-inner\">\n<p>Temas \/ Expositores:<br \/>\n<u>Procesal Civil y Comercial<\/u><\/p>\n<ul>\n<li>2\/3: Proceso de Da\u00f1os.- Fernando GLINKA\/Tom\u00e1s F. SCIPIONE<\/li>\n<li>9\/3: Proceso Ejecutivo.- Nicol\u00e1s PARINI<\/li>\n<li>16\/3: Proceso de Defensa del Consumidor y Usuario.- Pablo S. AGNELLO<\/li>\n<\/ul>\n<p><u>Procesal Laboral<\/u><\/p>\n<ul>\n<li>23\/3: Proceso Ordinario C.P.L.: Andr\u00e9s ABRAMOVICH<\/li>\n<li>28\/3: Determinaci\u00f3n de Derechos y Reparaci\u00f3n Hist\u00f3rica: Neli KOVACH \u2013 Ver\u00f3nica BARCAROLO \u2013 Instituto Derecho Previsional<\/li>\n<li>5\/4: Proceso por Accidentes de Trabajo y Enfermedades Profesionales: Sebasti\u00e1n PUSINERI, Mariela FREGONA<\/li>\n<\/ul>\n<p><u>Proceso Sucesorio<\/u><\/p>\n<ul>\n<li>Martes 11\/4: Proceso Sucesorio. Esteban GUTIERREZ DALLA FONTANA<\/li>\n<\/ul>\n<p><u>Proceso Laboral<\/u><\/p>\n<ul>\n<li>20\/4: Extensi\u00f3n de responsabilidad, cuestiones procesales: Marcelo GIULIANI, Diego GUIRADO<\/li>\n<li>27\/4: Despido discriminatorio: Andr\u00e9s ABRAMOVICH<\/li>\n<\/ul>\n<p><u>Proceso de Familia<\/u><\/p>\n<ul>\n<li>4\/5: Los Procesos m\u00e1s frecuentes: Bruno MARENGO<\/li>\n<li>11\/5 Principios del Proceso Familiar: Nahuel BAY<\/li>\n<\/ul>\n<p><u>Proceso Previsional<\/u><\/p>\n<ul>\n<li>18\/5: Procedimiento Administrativo y Judicial\u00a0 en materia Previsional: Laura SEQUEIRA<\/li>\n<\/ul>\n<p><u>Proceso Colectivo<\/u><\/p>\n<ul>\n<li>23\/5: Acciones en clave Colectiva. Gustavo LOYARTE<\/li>\n<\/ul>\n<p><u>Procesal Administrativo<\/u><\/p>\n<ul>\n<li>1\/6: Proceso Administrativo y Proceso Contencioso Administrativo: Javier GALLO, Sergio A. RAFFA<\/li>\n<\/ul>\n<p><u>Procesal Penal<\/u><\/p>\n<ul>\n<li>8\/6: El Sistema Acusatorio: Mart\u00edn TORRES<\/li>\n<li>15\/6: Investigaci\u00f3n Penal Preparatoria: N\u00e9stor ORO\u00d1O<\/li>\n<li>22\/6: Juicio Oral: Alejandro OTTE<\/li>\n<\/ul>\n<p><u>Procesal Tributario<\/u><\/p>\n<ul>\n<li>29\/6: Procedimiento Tributario Nacional: Mart\u00edn AVALOS<\/li>\n<\/ul>\n<p><u>Procesal Internacional<\/u><\/p>\n<ul>\n<li>6\/7: Reconocimiento internacional de documentos: Gabriel O. SOLA<\/li>\n<\/ul>\n<\/div><\/div>\n<\/div>\n<p>Charla:\u00a0<strong>Cuestiones de Prueba con el Nuevo C\u00f3digo Civil y Comercial<br \/>\n<\/strong>Fecha:\u00a0<strong>12, 19 y 26\/10\/2017<\/strong><\/p>\n<div class=\"accordion\" rel=\"\">\n<div class=\"accordion-item\"><a href=\"#\" class=\"accordion-title plain\"><button class=\"toggle\"><i class=\"icon-angle-down\"><\/i><\/button><span>Cuestiones de Prueba en el Nuevo C\u00f3digo Civil y Comercial<\/span><\/a><div class=\"accordion-inner\">\n<p>Temas \/ Expositores:<\/p>\n<ul>\n<li>12\/10: Medios de Prueba. An\u00e1lisis, prueba informativa, pericial, confesional, testimonial. Documental: Dr. Pablo AGNELLO<\/li>\n<li>19\/10: Prueba en Juicio Laboral: Presunciones, testigos, tachas. Prueba en casos dif\u00edciles, discriminaci\u00f3n. Moobing: Dr. Andr\u00e9s ABRAMOVICH<\/li>\n<li>26\/10: Carga de la prueba; carga din\u00e1mica. Valoraci\u00f3n de la prueba. Alegato: Dr. Fernando GLINKA<\/li>\n<\/ul>\n<\/div><\/div>\n<\/div>\n<p>Presentaci\u00f3n:\u00a0\u00a0<span lang=\"es-ES\"><strong>Revista del Foro de Pr\u00e1ctica Profesional<\/strong>\u00a0\u2013 Edici\u00f3n Aniversario 2017<i><b><br \/>\n<\/b><\/i>Fecha:<b>\u00a001\/12\/2017<\/b><\/span><\/p>\n<\/div><\/div><\/div>\n\t\t<\/div>\n\n\t\t\n<style>\n#section_1892622672 {\n  padding-top: 30px;\n  padding-bottom: 30px;\n}\n<\/style>\n\t<\/section>\n\t\n","protected":false},"excerpt":{"rendered":"","protected":false},"author":2,"featured_media":0,"parent":0,"menu_order":0,"comment_status":"closed","ping_status":"closed","template":"","meta":[],"_links":{"self":[{"href":"https:\/\/www.casf.org.ar\/colegio\/wp-json\/wp\/v2\/pages\/1198"}],"collection":[{"href":"https:\/\/www.casf.org.ar\/colegio\/wp-json\/wp\/v2\/pages"}],"about":[{"href":"https:\/\/www.casf.org.ar\/colegio\/wp-json\/wp\/v2\/types\/page"}],"author":[{"embeddable":true,"href":"https:\/\/www.casf.org.ar\/colegio\/wp-json\/wp\/v2\/users\/2"}],"replies":[{"embeddable":true,"href":"https:\/\/www.casf.org.ar\/colegio\/wp-json\/wp\/v2\/comments?post=1198"}],"version-history":[{"count":19,"href":"https:\/\/www.casf.org.ar\/colegio\/wp-json\/wp\/v2\/pages\/1198\/revisions"}],"predecessor-version":[{"id":24937,"href":"https:\/\/www.casf.org.ar\/colegio\/wp-json\/wp\/v2\/pages\/1198\/revisions\/24937"}],"wp:attachment":[{"href":"https:\/\/www.casf.org.ar\/colegio\/wp-json\/wp\/v2\/media?parent=1198"}],"curies":[{"name":"wp","href":"https:\/\/api.w.org\/{rel}","templated":true}]}}

Foro de Práctica Profesional

<section class="section" id="section_1892622672">
		<div class="bg section-bg fill bg-fill  bg-loaded" >

			
			
			

		</div>

		<div class="section-content relative">
			
<div class="container section-title-container" ><h3 class="section-title section-title-center"><b></b><span class="section-title-main" >FORO DE PRÁCTICA PROFESIONAL</span><b></b></h3></div>

		<div class="tabbed-content">
			
			<ul class="nav nav-tabs nav-uppercase nav-size-large nav-left"><li class="tab active has-icon"><a href="#tab_año-2025"><span>Año 2025</span></a></li>
<li class="tab has-icon"><a href="#tab_año-2018"><span>Año 2018</span></a></li>
<li class="tab has-icon"><a href="#tab_año-2017"><span>Año 2017</span></a></li></ul><div class="tab-panels"><div class="panel active entry-content" id="tab_año-2025">
<div class="accordion" rel="">
<div class="accordion-item"><a href="#" class="accordion-title plain"><button class="toggle"><i class="icon-angle-down"></i></button><span>Curso de Formación de Litigantes y Jornadas Preparatorias</span></a><div class="accordion-inner">
<p><a href="https://www.casf.org.ar/colegio/wp-content/uploads/2025/01/formacion-litigantes-1-2025-02-18_web.jpg"><img decoding="async" loading="lazy" class="alignnone wp-image-23651" src="https://www.casf.org.ar/colegio/wp-content/uploads/2025/01/formacion-litigantes-1-2025-02-18_web-320x400.jpg" alt="" width="162" height="203" srcset="https://www.casf.org.ar/colegio/wp-content/uploads/2025/01/formacion-litigantes-1-2025-02-18_web-320x400.jpg 320w, https://www.casf.org.ar/colegio/wp-content/uploads/2025/01/formacion-litigantes-1-2025-02-18_web.jpg 500w" sizes="(max-width: 162px) 100vw, 162px" /></a></p>
<p>Fecha: 12, 19 y 26 de febrero 2025 (Jornadas Preparatorias) &#8211; 5 de marzo 2025 inicia (16 Jornadas, 1 semanal)<br />
Lugar:  miércoles de 18:30 a 20:30 hs. Sala Alberdi</p>
<p><a href="https://drive.google.com/drive/folders/1LUBfeTm_842X6iyo0dnVSuIqKxdqnneL?usp=sharing" target="_blank" rel="noopener">Ver / Descargar material de las charlas (hacer click)</a></p>
</div></div>
</div>
</div>
<div class="panel entry-content" id="tab_año-2018">
<p>Charla: <strong>II Curso Intensivo sobre Litigio<br />
</strong>Fecha: <strong>07/03/2018 </strong>al<strong> 05/07/2018</strong></p>
<div class="accordion" rel="">
<div class="accordion-item"><a href="#" class="accordion-title plain"><button class="toggle"><i class="icon-angle-down"></i></button><span>II Curso Intensivo sobre Litigio</span></a><div class="accordion-inner">
<p>Temas / Expositores:<br />
<u>Procesal Civil y Comercial</u></p>
<ul>
<li>07/03: Contestación de la Demanda: Fernando GLINKA</li>
<li>15/03: Informe sobre Reforma al Código Procesal Civil y Comercial: Angel Fermín GARROTE</li>
</ul>
<p><u>Procesal Laboral</u></p>
<ul>
<li>22/03: Procedimiento Abreviado: Andrés ABRAMOVICH</li>
<li>05/04: Simulación de un Proceso Laboral: Marcelo GIULIANI – Francisco IPPOLITO</li>
<li>26/04: Accidentes de trabajo y enfermedades profesionales: Mariela FREGONA</li>
</ul>
<p><u>Proceso de Familia</u></p>
<ul>
<li>12/04: Proceso de Divorcio: Blanca DIAKAKI</li>
<li>03/05: Recursos en el Proceso de Familia: Nahuel BAY</li>
</ul>
<p><u>Proceso Tributario</u></p>
<ul>
<li>19/04: Reforma Tributaria en la determinación de Deuda Fiscal y en el Proceso Penal Tributario: Martín AVALOS</li>
</ul>
<p><u>Responsabilidad Civil</u></p>
<ul>
<li>10/05: Proceso de Daños: Cristian WERLEN</li>
</ul>
<p><u>Constitucional</u></p>
<ul>
<li>17/05: Recurso de Inconstitucionalidad Provincial Ley  7055 y Recurso Extraordinario Federal Ley 48. Acción de Amparo, aspectos procesales constitucionales: Domingo RONDINA</li>
</ul>
<p><u>Proceso Sucesorio</u></p>
<ul>
<li>31/05: Juicio Sucesorio:  Esteban DALLA FONTANA</li>
</ul>
<p><u>Procesal Comercial</u></p>
<ul>
<li>07/06: Cuestiones Procesales en el marco de conflictos societarios: Alejandro YÓDICE</li>
</ul>
<p><u>Mercados Financieros</u></p>
<ul>
<li>14/06: Deudores Financieros: Gestión de Cobranza: Gustavo LOYARTE – Emanuel CHIABO</li>
</ul>
<p><u>Discapacidad</u></p>
<ul>
<li>21/06: Los procesos de integración por Ley de Salud Mental y el Código Civil y Comercial. Procedimiento: Mariela PEÑA – Adriana PEREZ</li>
</ul>
<p><u>Previsional</u></p>
<ul>
<li>05/07: Régimen Nacional – Ley 24241 y modificatorias – Prestaciones: requisitos, moratorias vigentes y SICAM – Resolución de casos prácticos. Reparación Histórica Ley 26970: Neli KOVACH – Gabriela FARÍAS</li>
</ul>
</div></div>
</div>
</div>
<div class="panel entry-content" id="tab_año-2017">
<p>Charla: <strong>I Curso Intensivo sobre Litigio<br />
</strong>Fecha: <strong>02/03/2017 </strong>al<strong> 29/06/2017</strong></p>
<div class="accordion" rel="">
<div class="accordion-item"><a href="#" class="accordion-title plain"><button class="toggle"><i class="icon-angle-down"></i></button><span>Curso Intensivo sobre Litigio</span></a><div class="accordion-inner">
<p>Temas / Expositores:<br />
<u>Procesal Civil y Comercial</u></p>
<ul>
<li>2/3: Proceso de Daños.- Fernando GLINKA/Tomás F. SCIPIONE</li>
<li>9/3: Proceso Ejecutivo.- Nicolás PARINI</li>
<li>16/3: Proceso de Defensa del Consumidor y Usuario.- Pablo S. AGNELLO</li>
</ul>
<p><u>Procesal Laboral</u></p>
<ul>
<li>23/3: Proceso Ordinario C.P.L.: Andrés ABRAMOVICH</li>
<li>28/3: Determinación de Derechos y Reparación Histórica: Neli KOVACH – Verónica BARCAROLO – Instituto Derecho Previsional</li>
<li>5/4: Proceso por Accidentes de Trabajo y Enfermedades Profesionales: Sebastián PUSINERI, Mariela FREGONA</li>
</ul>
<p><u>Proceso Sucesorio</u></p>
<ul>
<li>Martes 11/4: Proceso Sucesorio. Esteban GUTIERREZ DALLA FONTANA</li>
</ul>
<p><u>Proceso Laboral</u></p>
<ul>
<li>20/4: Extensión de responsabilidad, cuestiones procesales: Marcelo GIULIANI, Diego GUIRADO</li>
<li>27/4: Despido discriminatorio: Andrés ABRAMOVICH</li>
</ul>
<p><u>Proceso de Familia</u></p>
<ul>
<li>4/5: Los Procesos más frecuentes: Bruno MARENGO</li>
<li>11/5 Principios del Proceso Familiar: Nahuel BAY</li>
</ul>
<p><u>Proceso Previsional</u></p>
<ul>
<li>18/5: Procedimiento Administrativo y Judicial  en materia Previsional: Laura SEQUEIRA</li>
</ul>
<p><u>Proceso Colectivo</u></p>
<ul>
<li>23/5: Acciones en clave Colectiva. Gustavo LOYARTE</li>
</ul>
<p><u>Procesal Administrativo</u></p>
<ul>
<li>1/6: Proceso Administrativo y Proceso Contencioso Administrativo: Javier GALLO, Sergio A. RAFFA</li>
</ul>
<p><u>Procesal Penal</u></p>
<ul>
<li>8/6: El Sistema Acusatorio: Martín TORRES</li>
<li>15/6: Investigación Penal Preparatoria: Néstor OROÑO</li>
<li>22/6: Juicio Oral: Alejandro OTTE</li>
</ul>
<p><u>Procesal Tributario</u></p>
<ul>
<li>29/6: Procedimiento Tributario Nacional: Martín AVALOS</li>
</ul>
<p><u>Procesal Internacional</u></p>
<ul>
<li>6/7: Reconocimiento internacional de documentos: Gabriel O. SOLA</li>
</ul>
</div></div>
</div>
<p>Charla: <strong>Cuestiones de Prueba con el Nuevo Código Civil y Comercial<br />
</strong>Fecha: <strong>12, 19 y 26/10/2017</strong></p>
<div class="accordion" rel="">
<div class="accordion-item"><a href="#" class="accordion-title plain"><button class="toggle"><i class="icon-angle-down"></i></button><span>Cuestiones de Prueba en el Nuevo Código Civil y Comercial</span></a><div class="accordion-inner">
<p>Temas / Expositores:</p>
<ul>
<li>12/10: Medios de Prueba. Análisis, prueba informativa, pericial, confesional, testimonial. Documental: Dr. Pablo AGNELLO</li>
<li>19/10: Prueba en Juicio Laboral: Presunciones, testigos, tachas. Prueba en casos difíciles, discriminación. Moobing: Dr. Andrés ABRAMOVICH</li>
<li>26/10: Carga de la prueba; carga dinámica. Valoración de la prueba. Alegato: Dr. Fernando GLINKA</li>
</ul>
</div></div>
</div>
<p>Presentación:  <span lang="es-ES"><strong>Revista del Foro de Práctica Profesional</strong> – Edición Aniversario 2017<i><b><br />
</b></i>Fecha:<b> 01/12/2017</b></span></p>
</div></div></div>
		</div>

		
<style>
#section_1892622672 {
  padding-top: 30px;
  padding-bottom: 30px;
}
</style>
	</section>
