{"id":1123,"date":"2020-12-30T12:24:31","date_gmt":"2020-12-30T12:24:31","guid":{"rendered":"http:\/\/c1990348.ferozo.com\/?page_id=1123"},"modified":"2024-12-12T18:26:24","modified_gmt":"2024-12-12T21:26:24","slug":"instituto-de-derecho-procesal-civil-y-comercial","status":"publish","type":"page","link":"https:\/\/www.casf.org.ar\/colegio\/instituto-de-derecho-procesal-civil-y-comercial\/","title":{"rendered":"Instituto de Derecho Procesal Civil y Comercial"},"content":{"rendered":"\t<section class=\"section\" id=\"section_633152385\">\n\t\t<div class=\"bg section-bg fill bg-fill  bg-loaded\" >\n\n\t\t\t\n\t\t\t\n\t\t\t\n\n\t\t<\/div>\n\n\t\t<div class=\"section-content relative\">\n\t\t\t\n<div class=\"container section-title-container\" ><h3 class=\"section-title section-title-center\"><b><\/b><span class=\"section-title-main\" >Instituto de Derecho Procesal Civil y Comercial<\/span><b><\/b><\/h3><\/div>\n\n\t\t<div class=\"tabbed-content\">\n\t\t\t\n\t\t\t<ul class=\"nav nav-tabs nav-uppercase nav-size-large nav-left\"><li class=\"tab active has-icon\"><a href=\"#tab_a\u00f1o-2024\"><span>A\u00f1o 2024<\/span><\/a><\/li>\n<li class=\"tab has-icon\"><a href=\"#tab_a\u00f1o-2022\"><span>A\u00f1o 2022<\/span><\/a><\/li>\n<li class=\"tab has-icon\"><a href=\"#tab_a\u00f1o-2017\"><span>A\u00f1o 2017<\/span><\/a><\/li><\/ul><div class=\"tab-panels\"><div class=\"panel active entry-content\" id=\"tab_a\u00f1o-2024\">\n<div class=\"accordion\" rel=\"\">\n<div class=\"accordion-item\"><a href=\"#\" class=\"accordion-title plain\"><button class=\"toggle\"><i class=\"icon-angle-down\"><\/i><\/button><span>Nuevas Perspectivas en Derecho Procesal<\/span><\/a><div class=\"accordion-inner\">\n<p><a href=\"https:\/\/www.casf.org.ar\/colegio\/wp-content\/uploads\/2024\/11\/procesal-civil-y-comercial-20241121_web.jpg\"><img decoding=\"async\" loading=\"lazy\" class=\"alignnone wp-image-23289\" src=\"https:\/\/www.casf.org.ar\/colegio\/wp-content\/uploads\/2024\/11\/procesal-civil-y-comercial-20241121_web-400x400.jpg\" alt=\"\" width=\"297\" height=\"297\" srcset=\"https:\/\/www.casf.org.ar\/colegio\/wp-content\/uploads\/2024\/11\/procesal-civil-y-comercial-20241121_web-400x400.jpg 400w, https:\/\/www.casf.org.ar\/colegio\/wp-content\/uploads\/2024\/11\/procesal-civil-y-comercial-20241121_web-280x280.jpg 280w, https:\/\/www.casf.org.ar\/colegio\/wp-content\/uploads\/2024\/11\/procesal-civil-y-comercial-20241121_web-300x300.jpg 300w, https:\/\/www.casf.org.ar\/colegio\/wp-content\/uploads\/2024\/11\/procesal-civil-y-comercial-20241121_web-100x100.jpg 100w, https:\/\/www.casf.org.ar\/colegio\/wp-content\/uploads\/2024\/11\/procesal-civil-y-comercial-20241121_web.jpg 500w\" sizes=\"(max-width: 297px) 100vw, 297px\" \/><\/a><\/p>\n<p>Charla: <strong>Nuevas Perspectivas en Derecho Procesal<br \/>\n<\/strong>Fecha: <strong>21\/11\/2024<\/strong><\/p>\n<div class=\"video video-fit mb\" style=\"padding-top:50%;\"><p><div class=\"ose-youtube ose-uid-1a2afbba67a962f4deac96509b30ed06 ose-embedpress-responsive\" style=\"width:600px; height:550px; max-height:550px; max-width:100%; display:inline-block;\" data-embed-type=\"Youtube\"><iframe allowFullScreen=\"true\" title=\"Nuevas Perspectivas en Derecho Procesal - Claves de la \u00faltima reforma CPCC y LOPJ\" width=\"600\" height=\"550\" src=\"https:\/\/www.youtube.com\/embed\/ySHKvJSQ0Fw?feature=oembed&color=red&rel=0&controls=1&start=&end=&fs=0&iv_load_policy=0&autoplay=0&mute=0&modestbranding=0&cc_load_policy=1&playsinline=1\" frameborder=\"0\" allow=\"accelerometer; encrypted-media;accelerometer;autoplay;clipboard-write;gyroscope;picture-in-picture clipboard-write; encrypted-media; gyroscope; picture-in-picture; web-share\" referrerpolicy=\"strict-origin-when-cross-origin\" allowfullscreen><\/iframe><\/div><\/p>\n<\/div>\n<\/div><\/div>\n<div class=\"accordion-item\"><a href=\"#\" class=\"accordion-title plain\"><button class=\"toggle\"><i class=\"icon-angle-down\"><\/i><\/button><span>La reforma del CPCyC y la LOPJ Ley 14.264<\/span><\/a><div class=\"accordion-inner\">\n<p><a href=\"https:\/\/www.casf.org.ar\/colegio\/wp-content\/uploads\/2024\/12\/procesal-civil-y-comercial-20241210_web.jpg\"><img decoding=\"async\" loading=\"lazy\" class=\"alignnone wp-image-23400\" src=\"https:\/\/www.casf.org.ar\/colegio\/wp-content\/uploads\/2024\/12\/procesal-civil-y-comercial-20241210_web-400x400.jpg\" alt=\"\" width=\"297\" height=\"297\" srcset=\"https:\/\/www.casf.org.ar\/colegio\/wp-content\/uploads\/2024\/12\/procesal-civil-y-comercial-20241210_web-400x400.jpg 400w, https:\/\/www.casf.org.ar\/colegio\/wp-content\/uploads\/2024\/12\/procesal-civil-y-comercial-20241210_web-280x280.jpg 280w, https:\/\/www.casf.org.ar\/colegio\/wp-content\/uploads\/2024\/12\/procesal-civil-y-comercial-20241210_web-300x300.jpg 300w, https:\/\/www.casf.org.ar\/colegio\/wp-content\/uploads\/2024\/12\/procesal-civil-y-comercial-20241210_web-100x100.jpg 100w, https:\/\/www.casf.org.ar\/colegio\/wp-content\/uploads\/2024\/12\/procesal-civil-y-comercial-20241210_web.jpg 500w\" sizes=\"(max-width: 297px) 100vw, 297px\" \/><\/a><\/p>\n<p>Charla: <strong>La reforma del CPCyC y la LOPJ Ley 14.264<br \/>\n<\/strong>Fecha: <strong>10\/12\/2024<\/strong><\/p>\n<p><a href=\"https:\/\/drive.google.com\/drive\/folders\/12bv2lBUeEJ53YrWGo7vg3FIyGj7zLT-i?usp=sharing\" target=\"_blank\" rel=\"noopener\">Click para Descargar el Material de la charla<\/a><\/p>\n<div class=\"video video-fit mb\" style=\"padding-top:50%;\"><p><div class=\"ose-youtube ose-uid-2420d70d83612c15b8458f01c7363f21 ose-embedpress-responsive\" style=\"width:600px; height:550px; max-height:550px; max-width:100%; display:inline-block;\" data-embed-type=\"Youtube\"><iframe allowFullScreen=\"true\" title=\"La reforma del CPCyC y la LOPJ Ley 14 264\" width=\"600\" height=\"550\" src=\"https:\/\/www.youtube.com\/embed\/Xbto2GUm8ao?feature=oembed&color=red&rel=0&controls=1&start=&end=&fs=0&iv_load_policy=0&autoplay=0&mute=0&modestbranding=0&cc_load_policy=1&playsinline=1\" frameborder=\"0\" allow=\"accelerometer; encrypted-media;accelerometer;autoplay;clipboard-write;gyroscope;picture-in-picture clipboard-write; encrypted-media; gyroscope; picture-in-picture; web-share\" referrerpolicy=\"strict-origin-when-cross-origin\" allowfullscreen><\/iframe><\/div><\/p>\n<\/div>\n<\/div><\/div>\n<\/div>\n<\/div>\n<div class=\"panel entry-content\" id=\"tab_a\u00f1o-2022\">\n<p><a href=\"https:\/\/www.casf.org.ar\/colegio\/wp-content\/uploads\/2022\/10\/Flyer-2022-10-21.jpeg\"><img decoding=\"async\" loading=\"lazy\" class=\"alignnone wp-image-18269\" src=\"https:\/\/www.casf.org.ar\/colegio\/wp-content\/uploads\/2022\/10\/Flyer-2022-10-21-400x400.jpeg\" alt=\"\" width=\"298\" height=\"298\" srcset=\"https:\/\/www.casf.org.ar\/colegio\/wp-content\/uploads\/2022\/10\/Flyer-2022-10-21-400x400.jpeg 400w, https:\/\/www.casf.org.ar\/colegio\/wp-content\/uploads\/2022\/10\/Flyer-2022-10-21-280x280.jpeg 280w, https:\/\/www.casf.org.ar\/colegio\/wp-content\/uploads\/2022\/10\/Flyer-2022-10-21-300x300.jpeg 300w, https:\/\/www.casf.org.ar\/colegio\/wp-content\/uploads\/2022\/10\/Flyer-2022-10-21-100x100.jpeg 100w, https:\/\/www.casf.org.ar\/colegio\/wp-content\/uploads\/2022\/10\/Flyer-2022-10-21.jpeg 440w\" sizes=\"(max-width: 298px) 100vw, 298px\" \/><\/a><\/p>\n<p><a href=\"https:\/\/drive.google.com\/file\/d\/1oqaNVrCgcXVuSj0QpHUZkq2ScV9qr1eP\/view?usp=sharing\" target=\"_blank\" rel=\"noopener\">Material Prueba Electr\u00f3nica<\/a><\/p>\n<\/div>\n<div class=\"panel entry-content\" id=\"tab_a\u00f1o-2017\">\n<p>Charla:\u00a0<strong>Curso Intensivo sobre Litigio<br \/>\n<\/strong>Fecha:\u00a0<strong>02\/03\/2017\u00a0<\/strong>al<strong>\u00a029\/06\/2017<\/strong><\/p>\n<div class=\"accordion\" rel=\"\">\n<div class=\"accordion-item\"><a href=\"#\" class=\"accordion-title plain\"><button class=\"toggle\"><i class=\"icon-angle-down\"><\/i><\/button><span>Curso Intensivo sobre Litigio<\/span><\/a><div class=\"accordion-inner\">\n<p>Temas \/ Expositores:<br \/>\n<u>Procesal Civil y Comercial<\/u><\/p>\n<ul>\n<li>2\/3: Proceso de Da\u00f1os.- Fernando GLINKA\/Tom\u00e1s F. SCIPIONE<\/li>\n<li>9\/3: Proceso Ejecutivo.- Nicol\u00e1s PARINI<\/li>\n<li>16\/3: Proceso de Defensa del Consumidor y Usuario.- Pablo S. AGNELLO<\/li>\n<\/ul>\n<p><u>Procesal Laboral<\/u><\/p>\n<ul>\n<li>23\/3: Proceso Ordinario C.P.L.: Andr\u00e9s ABRAMOVICH<\/li>\n<li>28\/3: Determinaci\u00f3n de Derechos y Reparaci\u00f3n Hist\u00f3rica: Neli KOVACH \u2013 Ver\u00f3nica BARCAROLO \u2013 Instituto Derecho Previsional<\/li>\n<li>5\/4: Proceso por Accidentes de Trabajo y Enfermedades Profesionales: Sebasti\u00e1n PUSINERI, Mariela FREGONA<\/li>\n<\/ul>\n<p><u>Proceso Sucesorio<\/u><\/p>\n<ul>\n<li>Martes 11\/4: Proceso Sucesorio. Esteban GUTIERREZ DALLA FONTANA<\/li>\n<\/ul>\n<p><u>Proceso Laboral<\/u><\/p>\n<ul>\n<li>20\/4: Extensi\u00f3n de responsabilidad, cuestiones procesales: Marcelo GIULIANI, Diego GUIRADO<\/li>\n<li>27\/4: Despido discriminatorio: Andr\u00e9s ABRAMOVICH<\/li>\n<\/ul>\n<p><u>Proceso de Familia<\/u><\/p>\n<ul>\n<li>4\/5: Los Procesos m\u00e1s frecuentes: Bruno MARENGO<\/li>\n<li>11\/5 Principios del Proceso Familiar: Nahuel BAY<\/li>\n<\/ul>\n<p><u>Proceso Previsional<\/u><\/p>\n<ul>\n<li>18\/5: Procedimiento Administrativo y Judicial\u00a0 en materia Previsional: Laura SEQUEIRA<\/li>\n<\/ul>\n<p><u>Proceso Colectivo<\/u><\/p>\n<ul>\n<li>23\/5: Acciones en clave Colectiva. Gustavo LOYARTE<\/li>\n<\/ul>\n<p><u>Procesal Administrativo<\/u><\/p>\n<ul>\n<li>1\/6: Proceso Administrativo y Proceso Contencioso Administrativo: Javier GALLO, Sergio A. RAFFA<\/li>\n<\/ul>\n<p><u>Procesal Penal<\/u><\/p>\n<ul>\n<li>8\/6: El Sistema Acusatorio: Mart\u00edn TORRES<\/li>\n<li>15\/6: Investigaci\u00f3n Penal Preparatoria: N\u00e9stor ORO\u00d1O<\/li>\n<li>22\/6: Juicio Oral: Alejandro OTTE<\/li>\n<\/ul>\n<p><u>Procesal Tributario<\/u><\/p>\n<ul>\n<li>29\/6: Procedimiento Tributario Nacional: Mart\u00edn AVALOS<\/li>\n<\/ul>\n<p><u>Procesal Internacional<\/u><\/p>\n<ul>\n<li>6\/7: Reconocimiento internacional de documentos: Gabriel O. SOLA<\/li>\n<\/ul>\n<\/div><\/div>\n<\/div>\n<p>Charla:\u00a0<strong>Cuestiones de Prueba con el Nuevo C\u00f3digo Civil y Comercial<br \/>\n<\/strong>Fecha:\u00a0<strong>12, 19 y 26\/10\/2017<\/strong><\/p>\n<div class=\"accordion\" rel=\"\">\n<div class=\"accordion-item\"><a href=\"#\" class=\"accordion-title plain\"><button class=\"toggle\"><i class=\"icon-angle-down\"><\/i><\/button><span>Cuestiones de Prueba en el Nuevo C\u00f3digo Civil y Comercial<\/span><\/a><div class=\"accordion-inner\">\n<p>Temas \/ Expositores:<\/p>\n<ul>\n<li>12\/10: Medios de Prueba. An\u00e1lisis, prueba informativa, pericial, confesional, testimonial. Documental: Dr. Pablo AGNELLO<\/li>\n<li>19\/10: Prueba en Juicio Laboral: Presunciones, testigos, tachas. Prueba en casos dif\u00edciles, discriminaci\u00f3n. Moobing: Dr. Andr\u00e9s ABRAMOVICH<\/li>\n<li>26\/10: Carga de la prueba; carga din\u00e1mica. Valoraci\u00f3n de la prueba. Alegato: Dr. Fernando GLINKA<\/li>\n<\/ul>\n<\/div><\/div>\n<\/div>\n<\/div><\/div><\/div>\n\t\t<\/div>\n\n\t\t\n<style>\n#section_633152385 {\n  padding-top: 30px;\n  padding-bottom: 30px;\n}\n<\/style>\n\t<\/section>\n\t\n","protected":false},"excerpt":{"rendered":"","protected":false},"author":2,"featured_media":0,"parent":0,"menu_order":0,"comment_status":"closed","ping_status":"closed","template":"","meta":[],"_links":{"self":[{"href":"https:\/\/www.casf.org.ar\/colegio\/wp-json\/wp\/v2\/pages\/1123"}],"collection":[{"href":"https:\/\/www.casf.org.ar\/colegio\/wp-json\/wp\/v2\/pages"}],"about":[{"href":"https:\/\/www.casf.org.ar\/colegio\/wp-json\/wp\/v2\/types\/page"}],"author":[{"embeddable":true,"href":"https:\/\/www.casf.org.ar\/colegio\/wp-json\/wp\/v2\/users\/2"}],"replies":[{"embeddable":true,"href":"https:\/\/www.casf.org.ar\/colegio\/wp-json\/wp\/v2\/comments?post=1123"}],"version-history":[{"count":17,"href":"https:\/\/www.casf.org.ar\/colegio\/wp-json\/wp\/v2\/pages\/1123\/revisions"}],"predecessor-version":[{"id":23474,"href":"https:\/\/www.casf.org.ar\/colegio\/wp-json\/wp\/v2\/pages\/1123\/revisions\/23474"}],"wp:attachment":[{"href":"https:\/\/www.casf.org.ar\/colegio\/wp-json\/wp\/v2\/media?parent=1123"}],"curies":[{"name":"wp","href":"https:\/\/api.w.org\/{rel}","templated":true}]}}