{"id":1042,"date":"2020-12-29T15:00:34","date_gmt":"2020-12-29T15:00:34","guid":{"rendered":"http:\/\/c1990348.ferozo.com\/?page_id=1042"},"modified":"2024-03-07T19:46:38","modified_gmt":"2024-03-07T22:46:38","slug":"instituto-de-derecho-constitucional","status":"publish","type":"page","link":"https:\/\/www.casf.org.ar\/colegio\/instituto-de-derecho-constitucional\/","title":{"rendered":"Instituto de Derecho Constitucional"},"content":{"rendered":"\t<section class=\"section\" id=\"section_146196572\">\n\t\t<div class=\"bg section-bg fill bg-fill  bg-loaded\" >\n\n\t\t\t\n\t\t\t\n\t\t\t\n\n\t\t<\/div>\n\n\t\t<div class=\"section-content relative\">\n\t\t\t\n<div class=\"container section-title-container\" ><h3 class=\"section-title section-title-center\"><b><\/b><span class=\"section-title-main\" >INSTITUTO DE DERECHO CONSTITUCIONAL<\/span><b><\/b><\/h3><\/div>\n<p><i>\u201cEl Instituto de Constitucional del CASF ha trabajado arduamente este a\u00f1o sobre la posible reforma de la constituci\u00f3n provincial. Nos reunimos todos los martes a las 19:30 en la sede del Colegio.<br \/>\n<\/i><\/p>\n<p><i>En una primera etapa presentamos 8 trabajos sobre distintos temas que nos interesa debatir.<\/i><\/p>\n<p><i>Ahora estamos preparando una segunda tanda de escritos y propuestas concretas de reforma sobre otros aspectos de nuestra norma constitutiva.<\/i><\/p>\n<p><i>Tratamos de escribir brevemente, de manera sencilla, para divulgaci\u00f3n pero tambi\u00e9n para que sirva como papeles de trabajo en la concreci\u00f3n de la deseada reforma.<br \/>\n<\/i><\/p>\n<p><i>Con ese mismo esp\u00edritu, en esta instancia deseamos invitar a\u00a0 todos los colegas para que env\u00eden sus trabajos, sus propuestas, para difundirlo a la comunidad, y a los operadores del derecho, principales constructores de la constitucionalidad cotidiana.<\/i><\/p>\n<p><i>Todos los trabajos que deseen publicar pueden ser remitidos a constitucional@rondina.com.ar<\/i><\/p>\n<p><i>Gracias por leer, por difundir, por debatir, por aportar.<\/i><\/p>\n<p><i>Domingo Rondina, abogado, presidente del Instituto\u201d<\/i><\/p>\n<div class=\"accordion\" rel=\"\">\n<div class=\"accordion-item\"><a href=\"#\" class=\"accordion-title plain\"><button class=\"toggle\"><i class=\"icon-angle-down\"><\/i><\/button><span>Actividades del Instituto | Material de apoyo a charlas \/ jornadas | Publicaciones<\/span><\/a><div class=\"accordion-inner\">\n\n\t\t<div class=\"tabbed-content\">\n\t\t\t\n\t\t\t<ul class=\"nav nav-tabs nav-uppercase nav-size-large nav-left\"><li class=\"tab active has-icon\"><a href=\"#tab_a\u00f1o-2024\"><span>A\u00f1o 2024<\/span><\/a><\/li>\n<li class=\"tab has-icon\"><a href=\"#tab_a\u00f1o-2018\"><span>A\u00f1o 2018<\/span><\/a><\/li>\n<li class=\"tab has-icon\"><a href=\"#tab_a\u00f1o-2017\"><span>A\u00f1o 2017<\/span><\/a><\/li>\n<li class=\"tab has-icon\"><a href=\"#tab_a\u00f1o-2016\"><span>A\u00f1o 2016<\/span><\/a><\/li><\/ul><div class=\"tab-panels\"><div class=\"panel active entry-content\" id=\"tab_a\u00f1o-2024\">\n<p>Publicaci\u00f3n: <em><strong>Consideraciones sobre el DNU Nro 70-2023.<\/strong><\/em><br \/>\nAutor: <strong>Jorge M. Zarate.<br \/>\n<\/strong>Material:\u00a0<a href=\"https:\/\/drive.google.com\/file\/d\/1g4GMQ195SJUAtwM9QRXGbpnoARxX1hO7\/view?usp=drive_link\" target=\"_blank\" rel=\"noopener noreferrer\">Documento \u2013 Ver\/Descargar<\/a><\/p>\n<p>Publicaci\u00f3n: <em><strong>Breves l\u00edneas sobre el inconstitucional DNU 70<\/strong><\/em>.<br \/>\nAutor: Juan Andr\u00e9s <strong>Pisarello.<br \/>\n<\/strong>Material:\u00a0<a href=\"https:\/\/drive.google.com\/file\/d\/1g5whIHljxzlkKG0pDuWfT05f-5R_YiST\/view?usp=drive_link\" target=\"_blank\" rel=\"noopener noreferrer\">Documento \u2013 Ver\/Descargar<\/a><\/p>\n<p>Publicaci\u00f3n: <em><strong>Aporte sobre la inconstitucionalidad del DNU 70-23<\/strong><\/em>.<br \/>\nAutor: Ana Laura <strong>Mansilla IDC.<br \/>\n<\/strong>Material:\u00a0<a href=\"https:\/\/drive.google.com\/file\/d\/1et3dQG_s1C4Xne4OfDDA8HgFSCOxBBs0\/view?usp=drive_link\" target=\"_blank\" rel=\"noopener noreferrer\">Documento \u2013 Ver\/Descargar<\/a><\/p>\n<p>Publicaci\u00f3n: <em><strong>Aporte sobre la inconstitucionalidad del Decreto de Necesidad y Urgencia 70_23.<\/strong><\/em><br \/>\nAutor: <strong>.<br \/>\n<\/strong>Material:\u00a0<a href=\"https:\/\/drive.google.com\/file\/d\/1RglXebDFn5EBdOl3hl-7urFiQZ1CbkKr\/view?usp=drive_link\" target=\"_blank\" rel=\"noopener noreferrer\">Documento \u2013 Ver\/Descargar<\/a><\/p>\n<\/div>\n<div class=\"panel entry-content\" id=\"tab_a\u00f1o-2018\">\n<p>Publicaci\u00f3n:\u00a0<u>EL COFRE DE LA FELICIDAD<\/u><br \/>\nAutor:<br \/>\nMaterial:\u00a0<a href=\"http:\/\/c1990348.ferozo.com\/wp-content\/uploads\/2020\/12\/EL-COFRE-DE-LA-FELICIDAD.pdf\">Documento \u2013 Ver\/Descargar<\/a><\/p>\n<\/div>\n<div class=\"panel entry-content\" id=\"tab_a\u00f1o-2017\">\n<p>Publicaci\u00f3n:\u00a0<strong><u>\u00bfQUE LES PASA A LAS P.A.S.O.?<\/u><\/strong><br \/>\nAutor:<br \/>\nMaterial:\u00a0<a href=\"http:\/\/c1990348.ferozo.com\/wp-content\/uploads\/2020\/12\/ALGUNAS-IDEAS.doc\">Documento \u2013 Ver\/Descargar<\/a><\/p>\n<p>Charla:\u00a0<strong>Reforma Constitucional Provincial<\/strong><br \/>\nFecha:\u00a0<strong>21\/02\/2017<\/strong><br \/>\n<strong><br \/>\n<\/strong>Capacitaci\u00f3n Interna (Debates de inter\u00e9s):<br \/>\n. Proyecto sobre Consulta Popular Municipal<br \/>\n. Fallo \u201cMui\u00f1a\u201d (se elabora comunicado para el Directorio CASF)<br \/>\n. Quita de pensiones no contributivas a beneficiarios<br \/>\n. El derecho electoral<br \/>\n. Exclusi\u00f3n del dipurtado De Vido<br \/>\n. Las P.A.S.O.<br \/>\n. Situaci\u00f3n pol\u00edtica de Carlos Menem<br \/>\n. La situacion del pueblo Mapuche (se elabora comunicado para el Directorio CASF sobre desaparici\u00f3n de Santiago Maldonado)<br \/>\n. Intenci\u00f3n de Secesi\u00f3n de Catalunya<br \/>\n. Veda electoral<br \/>\n. Fallo de la Corte Interamericana de Justicia contra la Cote Suprema de Justicia Argentina sobre el voto electr\u00f3nico<br \/>\n. Fallo de la Corte Suprema Nacional contra la Provincia de Santa Fe, anulando el r\u00e9gimen diferencial de Ingresos Brutos para empresas que extraen riquezas de la provincia sin sede en la misma.<\/p>\n<\/div>\n<div class=\"panel entry-content\" id=\"tab_a\u00f1o-2016\">\n<p>Publicaci\u00f3n:\u00a0<em><strong>Apuntes Hist\u00f3rico-Jur\u00eddicos sobre la Declaraci\u00f3n de Necesidad de Reforma Constitucional (con especial menci\u00f3n del tema en la Provincia de Santa Fe).<\/strong><\/em><br \/>\nAutor: Dr. Eric Augusto<strong>\u00a0Amsler.<br \/>\n<\/strong>Material:\u00a0<a href=\"http:\/\/c1990348.ferozo.com\/wp-content\/uploads\/2020\/12\/Apuntes-histoirico-juriidicos-sobre-la-declaracioin-de-necesidad-de-reforma-constitucional-Para-publicar.odt\" target=\"_blank\" rel=\"noopener noreferrer\">Documento \u2013 Ver\/Descargar<\/a><\/p>\n<p>Publicaci\u00f3n:\u00a0<em><strong>BICAMERALIDAD vs. UNICAMERALIDAD: algunos aportes conceptuales para fomentar el debate.<\/strong><\/em><br \/>\nAutor: Francisco Javier<strong>\u00a0Funes.<br \/>\n<\/strong>Material:\u00a0<a href=\"http:\/\/c1990348.ferozo.com\/wp-content\/uploads\/2020\/12\/BICAMERALIDAD-vs-UNICAMERALIDAD.doc\" target=\"_blank\" rel=\"noopener noreferrer\">Documento \u2013 Ver\/Descargar<\/a><\/p>\n<p>Publicaci\u00f3n:\u00a0<em><strong>Constituci\u00f3n Provincial \u2013 Reforma \u2013 Ministerios P\u00fablicos \u2013 Autonom\u00eda e Independencia.<\/strong><\/em><br \/>\nAutor: Laura Marien<strong>\u00a0-Rodriguez Hortt.<br \/>\n<\/strong>Material:\u00a0<a href=\"http:\/\/c1990348.ferozo.com\/wp-content\/uploads\/2020\/12\/Ideas-de-autonomia-de-los-ministerios-Laura-Marien-Rodriguez-Hortt.pdf\" target=\"_blank\" rel=\"noopener noreferrer\">Documento \u2013 Ver\/Descargar<\/a><\/p>\n<p>Publicaci\u00f3n:\u00a0<em><strong>Las autonom\u00edas municipales y el debate prerreformador en Santa Fe.<\/strong><\/em><br \/>\nAutor: Guillermina<strong>\u00a0Fregona\u00a0<\/strong>\u2013 Mariano<strong>\u00a0B\u00e4r.<br \/>\n<\/strong>Material:\u00a0<a href=\"http:\/\/c1990348.ferozo.com\/wp-content\/uploads\/2020\/12\/Las-autonomias-municipales-y-el-debate-prerreformador-en-Santa-Fe-1.doc\" target=\"_blank\" rel=\"noopener noreferrer\">Documento \u2013 Ver\/Descargar<\/a><\/p>\n<p>Publicaci\u00f3n:\u00a0<em><strong>Participaci\u00f3n Ciudadana.<\/strong><\/em><br \/>\nAutor: Gisela<strong>\u00a0Zingaretti<\/strong><strong>.<br \/>\n<\/strong>Material:\u00a0<a href=\"http:\/\/c1990348.ferozo.com\/wp-content\/uploads\/2020\/12\/participacion-1.doc\" target=\"_blank\" rel=\"noopener noreferrer\">Documento \u2013 Ver\/Descargar<\/a><\/p>\n<p>Publicaci\u00f3n:\u00a0<em><strong>Los Derechos de los Pueblos y las Comunidades Originarias. La restituci\u00f3n de una normatividad ancestral no escrita.<\/strong><\/em><br \/>\nAutor: Marcela<strong>\u00a0Wuethrich\u00a0<\/strong>\u2013 Adan<strong>\u00a0Costa.<br \/>\n<\/strong>Material:\u00a0<a href=\"http:\/\/c1990348.ferozo.com\/wp-content\/uploads\/2020\/12\/Pueblos-Comunidades-Normatividad-2.doc\" target=\"_blank\" rel=\"noopener noreferrer\">Documento \u2013 Ver\/Descargar<\/a><\/p>\n<p>Publicaci\u00f3n:\u00a0<em><strong>Los Derechos de los Pueblos y las Comunidades Originarias. La restituci\u00f3n de una normatividad ancestral no escrita. Apuntes para un Proyecto de Reforma de la Constituci\u00f3n de la Provincia de Santa Fe.<\/strong><\/em><br \/>\nAutor: Marcela<strong>\u00a0Wuethrich\u00a0<\/strong>\u2013 Adan<strong>\u00a0Costa.<br \/>\n<\/strong>Material:\u00a0<a href=\"http:\/\/c1990348.ferozo.com\/wp-content\/uploads\/2020\/12\/Pueblos-Comunidades-Normatividad_Wuethrich_Costa-1.pdf\" target=\"_blank\" rel=\"noopener noreferrer\">Documento \u2013 Ver\/Descargar<\/a><\/p>\n<p>Publicaci\u00f3n:\u00a0<em><strong>De la elecci\u00f3n de Convencionales Constituyentes.<\/strong><\/em><br \/>\nAutor: Jorge M.<strong>\u00a0Z\u00e1rate<\/strong><strong>.<br \/>\n<\/strong>Material:\u00a0<a href=\"http:\/\/c1990348.ferozo.com\/wp-content\/uploads\/2020\/12\/De-la-eleccion-de-Convencionales-Constituyentes.doc\" target=\"_blank\" rel=\"noopener noreferrer\">Documento \u2013 Ver\/Descargar<\/a><\/p>\n<p>Publicaci\u00f3n:\u00a0<em><strong>Status pol\u00edtico-electoral de los extranjeros: los de afuera no son de palo.<\/strong><\/em><br \/>\nAutor: Jorge M.<strong>\u00a0Z\u00e1rate<\/strong><strong>.<br \/>\n<\/strong>Material:\u00a0<a href=\"http:\/\/c1990348.ferozo.com\/wp-content\/uploads\/2020\/12\/Extranjeros.docx\" target=\"_blank\" rel=\"noopener noreferrer\">Documento \u2013 Ver\/Descargar<\/a><\/p>\n<p>Publicaci\u00f3n:\u00a0<em><strong>Sobre Diputados, Senadores y Representaci\u00f3n.<\/strong><\/em><br \/>\nAutor: Jorge M.<strong>\u00a0Z\u00e1rate<\/strong><strong>.<br \/>\n<\/strong>Material:\u00a0<a href=\"http:\/\/c1990348.ferozo.com\/wp-content\/uploads\/2020\/12\/Legislatura.docx\" target=\"_blank\" rel=\"noopener noreferrer\">Documento \u2013 Ver\/Descargar<\/a><\/p>\n<p>Publicaci\u00f3n:\u00a0<em><strong>La Vedette electoral: la Parid\u2019Hondt.<\/strong><\/em><br \/>\nAutor: Jorge M.<strong>\u00a0Z\u00e1rate<\/strong><strong>.<br \/>\n<\/strong>Material:\u00a0<a href=\"http:\/\/c1990348.ferozo.com\/wp-content\/uploads\/2020\/12\/Paridont.docx\" target=\"_blank\" rel=\"noopener noreferrer\">Documento \u2013 Ver\/Descargar<\/a><\/p>\n<p>Publicaci\u00f3n:\u00a0<em><strong>Constituci\u00f3n Provincial \u2013 Reforma \u2013 Ministerios P\u00fablicos \u2013 Autonom\u00eda e Independencia.<\/strong><\/em><br \/>\nAutor: Laura Marien\u00a0<strong>Rodriguez Hortt<\/strong><strong>.<br \/>\n<\/strong>Material:\u00a0<a href=\"http:\/\/c1990348.ferozo.com\/wp-content\/uploads\/2020\/12\/Ideas-de-autonomia-de-los-ministerios-Laura-Marien-Rodriguez-Hortt-1.pdf\" target=\"_blank\" rel=\"noopener noreferrer\">Documento \u2013 Ver\/Descargar<\/a><\/p>\n<\/div><\/div><\/div>\n<\/div><\/div>\n<\/div>\n\t\t<\/div>\n\n\t\t\n<style>\n#section_146196572 {\n  padding-top: 30px;\n  padding-bottom: 30px;\n}\n<\/style>\n\t<\/section>\n\t\n","protected":false},"excerpt":{"rendered":"","protected":false},"author":2,"featured_media":0,"parent":0,"menu_order":0,"comment_status":"closed","ping_status":"closed","template":"","meta":[],"_links":{"self":[{"href":"https:\/\/www.casf.org.ar\/colegio\/wp-json\/wp\/v2\/pages\/1042"}],"collection":[{"href":"https:\/\/www.casf.org.ar\/colegio\/wp-json\/wp\/v2\/pages"}],"about":[{"href":"https:\/\/www.casf.org.ar\/colegio\/wp-json\/wp\/v2\/types\/page"}],"author":[{"embeddable":true,"href":"https:\/\/www.casf.org.ar\/colegio\/wp-json\/wp\/v2\/users\/2"}],"replies":[{"embeddable":true,"href":"https:\/\/www.casf.org.ar\/colegio\/wp-json\/wp\/v2\/comments?post=1042"}],"version-history":[{"count":14,"href":"https:\/\/www.casf.org.ar\/colegio\/wp-json\/wp\/v2\/pages\/1042\/revisions"}],"predecessor-version":[{"id":20775,"href":"https:\/\/www.casf.org.ar\/colegio\/wp-json\/wp\/v2\/pages\/1042\/revisions\/20775"}],"wp:attachment":[{"href":"https:\/\/www.casf.org.ar\/colegio\/wp-json\/wp\/v2\/media?parent=1042"}],"curies":[{"name":"wp","href":"https:\/\/api.w.org\/{rel}","templated":true}]}}

<section class="section" id="section_146196572">
		<div class="bg section-bg fill bg-fill  bg-loaded" >

			
			
			

		</div>

		<div class="section-content relative">
			
<div class="container section-title-container" ><h3 class="section-title section-title-center"><b></b><span class="section-title-main" >INSTITUTO DE DERECHO CONSTITUCIONAL</span><b></b></h3></div>
<p><i>“El Instituto de Constitucional del CASF ha trabajado arduamente este año sobre la posible reforma de la constitución provincial. Nos reunimos todos los martes a las 19:30 en la sede del Colegio.<br />
</i></p>
<p><i>En una primera etapa presentamos 8 trabajos sobre distintos temas que nos interesa debatir.</i></p>
<p><i>Ahora estamos preparando una segunda tanda de escritos y propuestas concretas de reforma sobre otros aspectos de nuestra norma constitutiva.</i></p>
<p><i>Tratamos de escribir brevemente, de manera sencilla, para divulgación pero también para que sirva como papeles de trabajo en la concreción de la deseada reforma.<br />
</i></p>
<p><i>Con ese mismo espíritu, en esta instancia deseamos invitar a  todos los colegas para que envíen sus trabajos, sus propuestas, para difundirlo a la comunidad, y a los operadores del derecho, principales constructores de la constitucionalidad cotidiana.</i></p>
<p><i>Todos los trabajos que deseen publicar pueden ser remitidos a constitucional@rondina.com.ar</i></p>
<p><i>Gracias por leer, por difundir, por debatir, por aportar.</i></p>
<p><i>Domingo Rondina, abogado, presidente del Instituto”</i></p>
<div class="accordion" rel="">
<div class="accordion-item"><a href="#" class="accordion-title plain"><button class="toggle"><i class="icon-angle-down"></i></button><span>Actividades del Instituto | Material de apoyo a charlas / jornadas | Publicaciones</span></a><div class="accordion-inner">

		<div class="tabbed-content">
			
			<ul class="nav nav-tabs nav-uppercase nav-size-large nav-left"><li class="tab active has-icon"><a href="#tab_año-2024"><span>Año 2024</span></a></li>
<li class="tab has-icon"><a href="#tab_año-2018"><span>Año 2018</span></a></li>
<li class="tab has-icon"><a href="#tab_año-2017"><span>Año 2017</span></a></li>
<li class="tab has-icon"><a href="#tab_año-2016"><span>Año 2016</span></a></li></ul><div class="tab-panels"><div class="panel active entry-content" id="tab_año-2024">
<p>Publicación: <em><strong>Consideraciones sobre el DNU Nro 70-2023.</strong></em><br />
Autor: <strong>Jorge M. Zarate.<br />
</strong>Material: <a href="https://drive.google.com/file/d/1g4GMQ195SJUAtwM9QRXGbpnoARxX1hO7/view?usp=drive_link" target="_blank" rel="noopener noreferrer">Documento – Ver/Descargar</a></p>
<p>Publicación: <em><strong>Breves líneas sobre el inconstitucional DNU 70</strong></em>.<br />
Autor: Juan Andrés <strong>Pisarello.<br />
</strong>Material: <a href="https://drive.google.com/file/d/1g5whIHljxzlkKG0pDuWfT05f-5R_YiST/view?usp=drive_link" target="_blank" rel="noopener noreferrer">Documento – Ver/Descargar</a></p>
<p>Publicación: <em><strong>Aporte sobre la inconstitucionalidad del DNU 70-23</strong></em>.<br />
Autor: Ana Laura <strong>Mansilla IDC.<br />
</strong>Material: <a href="https://drive.google.com/file/d/1et3dQG_s1C4Xne4OfDDA8HgFSCOxBBs0/view?usp=drive_link" target="_blank" rel="noopener noreferrer">Documento – Ver/Descargar</a></p>
<p>Publicación: <em><strong>Aporte sobre la inconstitucionalidad del Decreto de Necesidad y Urgencia 70_23.</strong></em><br />
Autor: <strong>.<br />
</strong>Material: <a href="https://drive.google.com/file/d/1RglXebDFn5EBdOl3hl-7urFiQZ1CbkKr/view?usp=drive_link" target="_blank" rel="noopener noreferrer">Documento – Ver/Descargar</a></p>
</div>
<div class="panel entry-content" id="tab_año-2018">
<p>Publicación: <u>EL COFRE DE LA FELICIDAD</u><br />
Autor:<br />
Material: <a href="http://c1990348.ferozo.com/wp-content/uploads/2020/12/EL-COFRE-DE-LA-FELICIDAD.pdf">Documento – Ver/Descargar</a></p>
</div>
<div class="panel entry-content" id="tab_año-2017">
<p>Publicación: <strong><u>¿QUE LES PASA A LAS P.A.S.O.?</u></strong><br />
Autor:<br />
Material: <a href="http://c1990348.ferozo.com/wp-content/uploads/2020/12/ALGUNAS-IDEAS.doc">Documento – Ver/Descargar</a></p>
<p>Charla: <strong>Reforma Constitucional Provincial</strong><br />
Fecha: <strong>21/02/2017</strong><br />
<strong><br />
</strong>Capacitación Interna (Debates de interés):<br />
. Proyecto sobre Consulta Popular Municipal<br />
. Fallo “Muiña” (se elabora comunicado para el Directorio CASF)<br />
. Quita de pensiones no contributivas a beneficiarios<br />
. El derecho electoral<br />
. Exclusión del dipurtado De Vido<br />
. Las P.A.S.O.<br />
. Situación política de Carlos Menem<br />
. La situacion del pueblo Mapuche (se elabora comunicado para el Directorio CASF sobre desaparición de Santiago Maldonado)<br />
. Intención de Secesión de Catalunya<br />
. Veda electoral<br />
. Fallo de la Corte Interamericana de Justicia contra la Cote Suprema de Justicia Argentina sobre el voto electrónico<br />
. Fallo de la Corte Suprema Nacional contra la Provincia de Santa Fe, anulando el régimen diferencial de Ingresos Brutos para empresas que extraen riquezas de la provincia sin sede en la misma.</p>
</div>
<div class="panel entry-content" id="tab_año-2016">
<p>Publicación: <em><strong>Apuntes Histórico-Jurídicos sobre la Declaración de Necesidad de Reforma Constitucional (con especial mención del tema en la Provincia de Santa Fe).</strong></em><br />
Autor: Dr. Eric Augusto<strong> Amsler.<br />
</strong>Material: <a href="http://c1990348.ferozo.com/wp-content/uploads/2020/12/Apuntes-histoirico-juriidicos-sobre-la-declaracioin-de-necesidad-de-reforma-constitucional-Para-publicar.odt" target="_blank" rel="noopener noreferrer">Documento – Ver/Descargar</a></p>
<p>Publicación: <em><strong>BICAMERALIDAD vs. UNICAMERALIDAD: algunos aportes conceptuales para fomentar el debate.</strong></em><br />
Autor: Francisco Javier<strong> Funes.<br />
</strong>Material: <a href="http://c1990348.ferozo.com/wp-content/uploads/2020/12/BICAMERALIDAD-vs-UNICAMERALIDAD.doc" target="_blank" rel="noopener noreferrer">Documento – Ver/Descargar</a></p>
<p>Publicación: <em><strong>Constitución Provincial – Reforma – Ministerios Públicos – Autonomía e Independencia.</strong></em><br />
Autor: Laura Marien<strong> -Rodriguez Hortt.<br />
</strong>Material: <a href="http://c1990348.ferozo.com/wp-content/uploads/2020/12/Ideas-de-autonomia-de-los-ministerios-Laura-Marien-Rodriguez-Hortt.pdf" target="_blank" rel="noopener noreferrer">Documento – Ver/Descargar</a></p>
<p>Publicación: <em><strong>Las autonomías municipales y el debate prerreformador en Santa Fe.</strong></em><br />
Autor: Guillermina<strong> Fregona </strong>– Mariano<strong> Bär.<br />
</strong>Material: <a href="http://c1990348.ferozo.com/wp-content/uploads/2020/12/Las-autonomias-municipales-y-el-debate-prerreformador-en-Santa-Fe-1.doc" target="_blank" rel="noopener noreferrer">Documento – Ver/Descargar</a></p>
<p>Publicación: <em><strong>Participación Ciudadana.</strong></em><br />
Autor: Gisela<strong> Zingaretti</strong><strong>.<br />
</strong>Material: <a href="http://c1990348.ferozo.com/wp-content/uploads/2020/12/participacion-1.doc" target="_blank" rel="noopener noreferrer">Documento – Ver/Descargar</a></p>
<p>Publicación: <em><strong>Los Derechos de los Pueblos y las Comunidades Originarias. La restitución de una normatividad ancestral no escrita.</strong></em><br />
Autor: Marcela<strong> Wuethrich </strong>– Adan<strong> Costa.<br />
</strong>Material: <a href="http://c1990348.ferozo.com/wp-content/uploads/2020/12/Pueblos-Comunidades-Normatividad-2.doc" target="_blank" rel="noopener noreferrer">Documento – Ver/Descargar</a></p>
<p>Publicación: <em><strong>Los Derechos de los Pueblos y las Comunidades Originarias. La restitución de una normatividad ancestral no escrita. Apuntes para un Proyecto de Reforma de la Constitución de la Provincia de Santa Fe.</strong></em><br />
Autor: Marcela<strong> Wuethrich </strong>– Adan<strong> Costa.<br />
</strong>Material: <a href="http://c1990348.ferozo.com/wp-content/uploads/2020/12/Pueblos-Comunidades-Normatividad_Wuethrich_Costa-1.pdf" target="_blank" rel="noopener noreferrer">Documento – Ver/Descargar</a></p>
<p>Publicación: <em><strong>De la elección de Convencionales Constituyentes.</strong></em><br />
Autor: Jorge M.<strong> Zárate</strong><strong>.<br />
</strong>Material: <a href="http://c1990348.ferozo.com/wp-content/uploads/2020/12/De-la-eleccion-de-Convencionales-Constituyentes.doc" target="_blank" rel="noopener noreferrer">Documento – Ver/Descargar</a></p>
<p>Publicación: <em><strong>Status político-electoral de los extranjeros: los de afuera no son de palo.</strong></em><br />
Autor: Jorge M.<strong> Zárate</strong><strong>.<br />
</strong>Material: <a href="http://c1990348.ferozo.com/wp-content/uploads/2020/12/Extranjeros.docx" target="_blank" rel="noopener noreferrer">Documento – Ver/Descargar</a></p>
<p>Publicación: <em><strong>Sobre Diputados, Senadores y Representación.</strong></em><br />
Autor: Jorge M.<strong> Zárate</strong><strong>.<br />
</strong>Material: <a href="http://c1990348.ferozo.com/wp-content/uploads/2020/12/Legislatura.docx" target="_blank" rel="noopener noreferrer">Documento – Ver/Descargar</a></p>
<p>Publicación: <em><strong>La Vedette electoral: la Parid’Hondt.</strong></em><br />
Autor: Jorge M.<strong> Zárate</strong><strong>.<br />
</strong>Material: <a href="http://c1990348.ferozo.com/wp-content/uploads/2020/12/Paridont.docx" target="_blank" rel="noopener noreferrer">Documento – Ver/Descargar</a></p>
<p>Publicación: <em><strong>Constitución Provincial – Reforma – Ministerios Públicos – Autonomía e Independencia.</strong></em><br />
Autor: Laura Marien <strong>Rodriguez Hortt</strong><strong>.<br />
</strong>Material: <a href="http://c1990348.ferozo.com/wp-content/uploads/2020/12/Ideas-de-autonomia-de-los-ministerios-Laura-Marien-Rodriguez-Hortt-1.pdf" target="_blank" rel="noopener noreferrer">Documento – Ver/Descargar</a></p>
</div></div></div>
</div></div>
</div>
		</div>

		
<style>
#section_146196572 {
  padding-top: 30px;
  padding-bottom: 30px;
}
</style>
	</section>
